{"id":75,"date":"2015-06-01T20:10:54","date_gmt":"2015-06-01T18:10:54","guid":{"rendered":"http:\/\/www.romanuoto.it\/?page_id=75"},"modified":"2018-05-24T20:21:57","modified_gmt":"2018-05-24T18:21:57","slug":"privacy","status":"publish","type":"page","link":"https:\/\/www.romanuoto.it\/?page_id=75","title":{"rendered":"Privacy"},"content":{"rendered":"<h2><strong>Informativa relativa al trattamento dei dati personali (Privacy) in base al D.Lgs. n. 196\/2003 (Codice in materia di protezione dei dati personali) e al Regolamento UE 2016\/679<\/strong><\/h2>\n<p>In riferimento a quanto previsto dal D. Lgs 196\/2003 &#8216;\u0153Codice in materia di protezione dei dati personali&#8217;\u009d, e del Regolamento UE 2016\/679, in particolare riguardo agli artt. 12 e 13, La informiamo che i suoi dati personali verranno trattati conformemente alla normativa vigente.<\/p>\n<p>La presente informativa descrive le modalit\u00e0\u00a0 di gestione dei dati personali inviati dall&#8217;utente durante le visite e la navigazione nel sito, nonch\u00e9 quelli ricavati al momento della eventuale registrazione (a titolo esemplificativo e non esaustivo) alla newsletter, al forum, ai servizi offerti.<\/p>\n<p><strong>Tipologia di dati trattati<\/strong><\/p>\n<ol>\n<li>Dati di navigazione<br \/>\nI sistemi informatici e le procedure software preposte al funzionamento di questo sito web acquisiscono, nel corso del loro normale esercizio, alcuni dati personali la cui trasmissione \u00e8 implicita nell&#8217;uso dei protocolli di comunicazione di internet. Si tratta di informazioni che non sono raccolte per essere associate a soggetti interessati identificati, ma che per la loro stessa natura, potrebbero, attraverso elaborazioni ed associazioni con dati detenuti da terzi, permettere di identificare gli utenti. In questa categoria rientrano gli indirizzi IP, o i nomi di dominio utilizzati dagli utenti che si connettono al sito, gli indirizzi in notazione URI (Uniform Resource Identifier) delle risorse richieste, l&#8217;orario della richiesta, il metodo utilizzato nel sottoporre la richiesta al server, la dimensione del file ottenuto, etc. Questi dati vengono utilizzati al solo fine di ricavare informazioni statistiche anonime e aggregate sull&#8217;uso del sito e per controllarne il corretto funzionamento, e risiedono in maniera permanente su server di terzi (hosting provider). I dati potrebbero essere utilizzati per l&#8217;accertamento di responsabilit\u00e0\u00a0 in caso di ipotetici reati informatici ai danni del sito.<\/li>\n<li>Cookie<br \/>\nIl sito internet utilizza dei cookie per aiutare gli utenti a velocizzare la navigazione, aumentare la sicurezza, analizzare l&#8217;utilizzo e l&#8217;efficienza dei servizi. Per maggiori informazioni si rimanda alla <a href=\"https:\/\/www.romanuoto.it\/?page_id=78\">Cookie Policy<\/a>.<\/li>\n<\/ol>\n<p><strong>Finalit\u00e0\u00a0 del trattamento<\/strong><\/p>\n<ol>\n<li>Per utilizzare i Servizi offerti pu\u00f2 essere richiesta la compilazione di form di registrazione, contenenti campi per il conferimento dei dati personali obbligatori e facoltativi. Il conferimento dei dati personali indicati come obbligatori \u00e8 necessario per completare la procedura di registrazione; pertanto il mancato o parziale conferimento di tali dati rende impossibile iscriversi ai Servizi e usufruire degli stessi. Il conferimento dei dati non obbligatori \u00e8 facoltativo; pertanto il loro mancato o parziale conferimento non impedisce di iscriversi e usufruire dei Servizi. I dati personali per l&#8217;iscrizione ai Servizi possono differire a seconda dei form di registrazione utilizzati.<\/li>\n<li>Vengono conservati i dati tecnici relativi alle connessioni (log) per consentire i controlli di sicurezza richiesti dalla Legge e al fine di migliorare la qualit\u00e0\u00a0 dei servizi offerti e personalizzarli in relazione alle esigenze degli utenti\/visitatori. In conformit\u00e0\u00a0 con le vigenti disposizioni di legge in materia, si provvede alla registrazione dei file di log. Tali dati non consentono un&#8217;identificazione dell&#8217;utente se non in seguito ad una serie di operazioni di elaborazione e interconnessione, e necessariamente attraverso dati forniti da altri provider. Operazioni che potranno essere effettuate esclusivamente su richiesta delle competenti Autorit\u00e0\u00a0 Giudiziarie, a ci\u00f2 autorizzate da espresse disposizioni di legge atte a prevenire e\/o reprimere i reati.<\/li>\n<li>Previo consenso espresso liberamente, in modo esplicito e in forma differenziata rispetto alle diverse finalit\u00e0\u00a0 di trattamento, selezionando l&#8217;apposita casella presente nei form di registrazione ai Servizi, i dati personali potranno essere trattati per l&#8217;invio tramite posta elettronica di informazioni commerciali, materiale pubblicitario e promozionale relative al sito e\/o a servizi o prodotti di terzi selezionati in base ai dati conferiti nel relativo form di registrazione. Il consenso per la finalit\u00e0\u00a0 di trattamento di cui al presente punto 3. \u00e8 facoltativo; pertanto, a seguito di un eventuale diniego i dati saranno trattati per le sole finalit\u00e0\u00a0 indicate in precedenza. Sar\u00e0\u00a0 possibile anche successivamente all&#8217;iscrizione, in modo automatico e senza costi, opporsi al trattamento dei dati e non ricevere comunicazioni promozionali e\/o commerciali, mantenendo l&#8217;iscrizione ai Servizi, cliccando sull&#8217;apposito link presente a fondo pagina in tutte le comunicazioni pubblicitarie inviate.<\/li>\n<li>I dati personali, raccolti e conservati in banche dati, sono trattati da dipendenti e\/o collaboratori del titolare del trattamento in qualit\u00e0\u00a0 di incaricati. Non sono oggetto di diffusione o comunicazione a Terzi, se non nei casi previsti dalla informativa e\/o dalla Legge e, comunque, con le modalit\u00e0\u00a0 da questa consentite.<\/li>\n<li>Il trattamento viene effettuato attraverso strumenti automatizzati per il tempo strettamente necessario a conseguire gli scopi per i quali i dati sono stati raccolti e, comunque, in conformit\u00e0\u00a0 alle disposizioni normative vigenti in materia in particolare sulla base degli obblighi di sicurezza relativi al trattamento dei dati ai sensi dell&#8217;art. 32 GDPR. Al fine di garantire un adeguato livello di protezione dei Dati finalizzato ad arginare il rischio di utilizzo degli stessi in modo improprio od illecito, sono state implementate misure tecniche ed organizzative che rispettano gli standard IT riconosciuti a livello internazionale, tali misure sono costantemente sottoposte a verifica. Specifiche misure di sicurezza sono osservate per prevenire la perdita dei dati, usi illeciti o non corretti ed accessi non autorizzati. Non \u00e8 possibile farsi carico della responsabilit\u00e0\u00a0 di qualsiasi accesso non autorizzato n\u00e9 dello smarrimento delle informazioni personali al di fuori del proprio controllo.<\/li>\n<li>Il titolare del trattamento dei dati \u00e8 la Roma Virtuale S.r.L., sede legale Via Bevagna 21- 00191 Roma, nella persona del suo rappresentante legale, che ai sensi e per gli effetti degli artt. 13 e 14 del Regolamento Europeo 2016\/679, con la presente La informa che la citata normativa prevede la tutela degli interessati rispetto al trattamento dei dati personali e che tale trattamento sar\u00e0\u00a0 improntato ai principi di correttezza, liceit\u00e0\u00a0 e trasparenza e di tutela della Sua riservatezza e dei Suoi diritti. Lei ha diritto di ottenere dal titolare la cancellazione (diritto all&#8217;oblio), la limitazione, l&#8217;aggiornamento, la rettificazione, la portabilit\u00e0\u00a0, l&#8217;opposizione al trattamento dei dati personali che La riguardano, nonch\u00e9 in generale pu\u00f2 esercitare tutti i diritti previsti dagli artt. 15, 16, 17, 18, 19, 20, 21, 22 del GDPR. Pu\u00f2 contattare il Titolare via email al seguente indirizzo privacy@romavirtuale.com.<\/li>\n<li>Diritto di accesso ai dati personali ed altri diritti ai sensi del Reg.to UE 2016\/679: Artt. 15, 16, 17, 18, 19, 20, 21, 22.\n<ol>\n<li>L&#8217;interessato ha diritto di ottenere la conferma dell&#8217;esistenza o meno di dati personali che lo riguardano, anche se non ancora registrati, e la loro comunicazione in forma intelligibile.<\/li>\n<li>L&#8217;interessato ha diritto di ottenere l&#8217;indicazione:\n<ul>\n<li>dell&#8217;origine dei dati personali;<\/li>\n<li>delle finalit\u00e0\u00a0 e modalit\u00e0\u00a0 del trattamento;<\/li>\n<li>della logica applicata in caso di trattamento effettuato con l&#8217;ausilio di strumenti elettronici;<\/li>\n<li>degli estremi identificativi del titolare, dei responsabili e del rappresentante designato ai sensi dell&#8217;articolo 5, comma 2;<\/li>\n<li>dei soggetti o delle categorie di soggetti ai quali i dati personali possono essere comunicati o che possono venirne a conoscenza in qualit\u00e0\u00a0 di rappresentante designato nel territorio dello Stato, di responsabili o incaricati.<\/li>\n<\/ul>\n<\/li>\n<li>L&#8217;interessato ha diritto di ottenere:\n<ul>\n<li>l&#8217;aggiornamento, la rettificazione ovvero, quando vi ha interesse, l&#8217;integrazione dei dati;<\/li>\n<li>la cancellazione, la trasformazione in forma anonima o il blocco dei dati trattati in violazione di legge, compresi quelli di cui non \u00e8 necessaria la conservazione in relazione agli scopi per i quali i dati sono stati raccolti o successivamente trattati;<\/li>\n<li>l&#8217;attestazione che le operazioni di cui sopra sono state portate a conoscenza, anche per quanto riguarda il loro contenuto, di coloro ai quali i dati sono stati comunicati o diffusi, eccettuato il caso in cui tale adempimento si rivela impossibile o comporta un impiego di mezzi manifestamente sproporzionato rispetto al diritto tutelato; la portabilit\u00e0\u00a0 dei dati.<\/li>\n<\/ul>\n<\/li>\n<li>L&#8217;interessato ha diritto di opporsi, in tutto o in parte:\n<ul>\n<li>per motivi legittimi al trattamento dei dati personali che lo riguardano, ancorch\u00e9 pertinenti allo scopo della raccolta;<\/li>\n<li>al trattamento di dati personali che lo riguardano a fini di invio di materiale pubblicitario o di vendita diretta o per il compimento di ricerche di mercato o di comunicazione commerciale.<\/li>\n<\/ul>\n<\/li>\n<li>L&#8217;interessato ha diritto a ricevere i propri Dati o farli trasferire ad altro titolare.<br \/>\nL&#8217;Utente ha diritto di ricevere i propri Dati in formato strutturato, di uso comune e leggibile da dispositivo automatico e, ove tecnicamente fattibile, di ottenerne il trasferimento senza ostacoli ad un altro titolare. Questa disposizione \u00e8 applicabile quando i Dati sono trattati con strumenti automatizzati ed il trattamento \u00e8 basato sul consenso dell&#8217;Utente, su un contratto di cui l&#8217;Utente \u00e8 parte o su misure contrattuali ad esso connesse.<\/li>\n<li>Come esercitare i diritti<br \/>\nPer esercitare i diritti dell&#8217;Utente, gli Utenti possono indirizzare una richiesta agli estremi di contatto del Titolare indicati in questo documento. Le richieste sono depositate a titolo gratuito e evase dal Titolare nel pi\u00f9 breve tempo possibile, in ogni caso entro un mese.<\/li>\n<\/ol>\n<\/li>\n<li>Sul sito sono utilizzati dei marcatori temporanei (cookie). Per la policy estesa sui cookie <a href=\"https:\/\/www.romanuoto.it\/?page_id=78\">clicca qui<\/a>.<\/li>\n<li>Modulo di contatto, Mailing List o Newsletter<br \/>\nL&#8217;Utente, compilando con i propri Dati il modulo di contatto, acconsente al loro utilizzo per rispondere alle richieste di informazioni, di preventivo, o di qualunque altra natura indicata dall&#8217;intestazione del modulo. Con la registrazione alla mailing list o alla newsletter, l&#8217;indirizzo email dell&#8217;Utente viene automaticamente inserito in una lista di contatti a cui potranno essere trasmessi messaggi email contenenti informazioni, anche di natura commerciale e promozionale, relative a questo Sito Web.<\/li>\n<\/ol>\n<p><strong>Modalit\u00e0\u00a0 di trattamento<\/strong><\/p>\n<p>I dati personali sono trattati con strumenti manuali, elettronici, attraverso sistemi automatizzati e anche mediante cookies per il tempo strettamente necessario a conseguire gli scopi per cui sono stati raccolti. Ogni trattamento avviene nel rispetto delle modalit\u00e0\u00a0 indicate di cui agli artt. 6, 32 del GDPR e mediante l&#8217;adozione delle adeguate misure di sicurezza previste. I trattamenti connessi ai servizi web sono effettuati presso il server ubicato presso il provider esterno (il nominativo \u00e8 disponibile contattando il Titolare) e sono conservati presso le sedi dove sono situati i server fisici.<\/p>\n<p><strong>Comunicazione<\/strong><\/p>\n<p>I suoi dati sono trattati all&#8217;interno dell&#8217;azienda dalle seguenti categorie di soggetti autorizzati e nominati incaricati dal Titolare:<\/p>\n<ul>\n<li>Uff. marketing<\/li>\n<li>Sistemi informativi<\/li>\n<\/ul>\n<p>I suoi dati possono essere comunicati a terzi, in particolare a:<\/p>\n<ul>\n<li>Provider esterno<\/li>\n<li>Societ\u00e0\u00a0 che effettuano la manutenzione ordinaria e straordinaria del sito web<\/li>\n<li>Societ\u00e0\u00a0 che erogano i servizi relativi ai cookie di terze parti<\/li>\n<\/ul>\n<p><strong>Diffusione<\/strong><\/p>\n<p>I suoi dati non saranno diffusi.<\/p>\n<p><strong>Periodo di conservazione<\/strong><\/p>\n<p>Le segnaliamo che, nel rispetto dei principi di liceit\u00e0\u00a0, limitazione delle finalit\u00e0\u00a0 e minimizzazione dei dati, ai sensi dell&#8217;art. 5 del GDPR, il periodo di conservazione dei Suoi dati personali \u00e8 stabilito per un arco di tempo non superiore all&#8217;espletamento dei servizi erogati. Quando il trattamento \u00e8 basato sul consenso dell&#8217;utente, il titolare pu\u00f2 conservare i Dati Personali pi\u00f9 a lungo sino a quando detto consenso non venga revocato. Inoltre il Titolare potrebbe essere obbligato a conservare i Dati Personali per un periodo pi\u00f9 lungo in ottemperanza ad un obbligo di legge o per ordine di un&#8217;autorit\u00e0\u00a0. Al termine del periodo di conservazione i Dati Personali saranno cancellati. Pertanto, allo spirare di tale termine il diritto di accesso, cancellazione, rettificazione ed il diritto alla portabilit\u00e0\u00a0 dei Dati non potranno pi\u00f9 essere esercitati.<\/p>\n<p><strong>Terze parti<\/strong><\/p>\n<p>I suoi dati sono raccolti anche mediante strumenti e servizi erogati da terze parti e conservati da loro. Per maggiori informazioni si rimanda alla <a href=\"https:\/\/www.romanuoto.it\/?page_id=78\">Cookie Policy<\/a>.<\/p>\n<p><em>Ultima modifica, 24 Maggio 2018<\/em><\/p>\n","protected":false},"excerpt":{"rendered":"<p>Informativa relativa al trattamento dei dati personali (Privacy) in base al D.Lgs. n. 196\/2003 (Codice in materia di protezione dei dati personali) e al Regolamento UE 2016\/679 In riferimento a quanto previsto dal D. Lgs 196\/2003 &#8216;\u0153Codice in materia di protezione dei dati personali&#8217;\u009d, e del Regolamento UE 2016\/679, in particolare riguardo agli artt. 12 &hellip; <a href=\"https:\/\/www.romanuoto.it\/?page_id=75\" class=\"more-link\">Leggi tutto<span class=\"screen-reader-text\"> &#8220;Privacy&#8221;<\/span><\/a><\/p>\n","protected":false},"author":3,"featured_media":0,"parent":0,"menu_order":0,"comment_status":"open","ping_status":"closed","template":"","meta":{"ngg_post_thumbnail":0,"footnotes":""},"class_list":["post-75","page","type-page","status-publish","hentry"],"_links":{"self":[{"href":"https:\/\/www.romanuoto.it\/index.php?rest_route=\/wp\/v2\/pages\/75","targetHints":{"allow":["GET"]}}],"collection":[{"href":"https:\/\/www.romanuoto.it\/index.php?rest_route=\/wp\/v2\/pages"}],"about":[{"href":"https:\/\/www.romanuoto.it\/index.php?rest_route=\/wp\/v2\/types\/page"}],"author":[{"embeddable":true,"href":"https:\/\/www.romanuoto.it\/index.php?rest_route=\/wp\/v2\/users\/3"}],"replies":[{"embeddable":true,"href":"https:\/\/www.romanuoto.it\/index.php?rest_route=%2Fwp%2Fv2%2Fcomments&post=75"}],"version-history":[{"count":5,"href":"https:\/\/www.romanuoto.it\/index.php?rest_route=\/wp\/v2\/pages\/75\/revisions"}],"predecessor-version":[{"id":85,"href":"https:\/\/www.romanuoto.it\/index.php?rest_route=\/wp\/v2\/pages\/75\/revisions\/85"}],"wp:attachment":[{"href":"https:\/\/www.romanuoto.it\/index.php?rest_route=%2Fwp%2Fv2%2Fmedia&parent=75"}],"curies":[{"name":"wp","href":"https:\/\/api.w.org\/{rel}","templated":true}]}}